236 = -5*k, 4*i - k = 6*i - 179. Is i a prime number?
False
Let b be (-2)/4*1*0. Suppose -4*g + 18 + 178 = b. Let k = g + -27. Is k a prime number?
False
Suppose -c + 4*y + 18 = -0*c, 5*y + 33 = 3*c. Suppose 3*p - 80 = -2*x + c*x, -2*x + 86 = 3*p. Suppose 0*v = 2*v - p. Is v a composite number?
True
Suppose -665 = -2*n - 6*b + 3*b, -2*b = n - 333. Is n a composite number?
False
Let n(k) = 23*k**2 + 14*k - 5. Is n(-6) a prime number?
True
Let g(u) = 10*u - 7. Let n = -8 + 18. Is g(n) prime?
False
Let i be ((-3)/(-6))/((-1)/(-18)). Is 59/((-3)/i*-3) a prime number?
True
Suppose -q + 13*q = 7044. Is q composite?
False
Let j = -7766 - -12049. Is j composite?
False
Let r = 12 - 10. Suppose 260 = -r*f + 6*f. Is f a prime number?
False
Suppose -j - 4*f = -6*j + 11542, -5*j + 5*f = -11545. Is j composite?
True
Suppose -3*c + 9 + 4 = -5*n, -5*n - 1 = -c. Let i(x) = -6*x - 3. Let l(y) = 17*y + 10. Let m(w) = 11*i(w) + 4*l(w). Is m(c) composite?
False
Suppose -u - w - 35 + 157 = 0, 0 = 4*u - 5*w - 443. Let c be u + 1 + 0 - -2. Suppose 5*b = -5*x + c, -4*x + 114 = -b - 4*b. Is x a prime number?
False
Let o = 94 - -33. Is o a prime number?
True
Let s(r) = -8*r**3 - 4*r**2 - 7*r - 7. Let j(i) = 3*i**3 + i**2 + 2*i + 2. Let k(u) = -11*j(u) - 4*s(u). Is k(6) composite?
True
Suppose -4*g + 5*g = 4. Let c(v) = 4*v**3 - 7*v**2 + 4*v + 1. Is c(g) a prime number?
False
Let v(p) be the first derivative of -22*p**2 - 3*p - 1. Let y be v(-2). Let t = y - 36. Is t composite?
True
Let v be (1 - 2)*(13 + -1). Let t = 5 + v. Let z = 4 - t. Is z a prime number?
True
Let h(i) = -i**2 - 12*i - 6. Let r be h(-10). Suppose r = 3*y + 5. Is 1 - y - (-480)/3 a prime number?
False
Let j = 177 - 124. Is j prime?
True
Is (-7 - 5*-18)*(1 - 0) prime?
True
Suppose -28*j = -36*j + 15784. Is j composite?
False
Suppose 7*t = 2*t + 1325. Is t composite?
True
Suppose -2*f - f = 108. Is (18/(-8))/(f/96) a prime number?
False
Let t = 27 - -104. Is t composite?
False
Suppose -3*x = -0*x. Let a(d) = 120*d**3 + 2*d**2 + d - 2. Let b be a(1). Let z = b + x. Is z prime?
False
Suppose -3*h - 4 = -4*s + 8, 3*s = -2*h + 9. Is 2 + h + (-60)/(-3) composite?
True
Let l(a) = a**3 + 13*a**2 + 11*a - 1. Let h = -17 - -5. Is l(h) a composite number?
False
Let k = -41 + 51. Let u(y) = -4*y**2 + y**3 + 7*y + 7 - 21*y - 4*y**2. Is u(k) a prime number?
True
Let i be 4*(0 - (-126)/8). Let n = -11 - 5. Let y = i - n. Is y prime?
True
Let g(s) = s**2 + 4*s + 2. Let b be g(-5). Let f(m) = -2*m - 1. Let a(q) = q. Let z(t) = 7*a(t) + 3*f(t). Is z(b) composite?
True
Let v be (1/1 - 0)*2. Suppose -z = -2*o - 83, -v*z + 5*z - 277 = -o. Is z composite?
True
Let j(w) be the third derivative of -w**6/120 + w**5/10 - w**4/24 + 2*w**3/3 + w**2. Let c be j(6). Is (-18)/(c + 0) + 1 a composite number?
True
Suppose 0 = a + 4*b + 13, b + 2*b = 5*a - 4. Let i be (a + -2)*2/(-6). Is ((-7)/(-4))/(i/8) composite?
True
Suppose 5*w - 306 = -r, -3*r + 762 = -w - 236. Is r a prime number?
True
Let y(f) = 20*f**2 - 10*f + 13. Is y(9) prime?
True
Suppose -4*m - 2*p = -12, -4*p - 22 = -5*m - 3*p. Let l(w) = -2*w**2 + 5*w + 2. Let f be l(m). Let c = f + 57. Is c a composite number?
False
Let z = -1432 - -2413. Suppose 3*q = -3*y + z, 0 = 2*y - 4*y - 4. Is q prime?
False
Let k = 282 - 199. Is k composite?
False
Let q = 118 - -109. Suppose -5*b + 2*d + q = 68, -b + 2*d = -27. Is b a prime number?
False
Suppose -5*t = -0*t - 10. Let o be t - 3 - (603 + 1). Let k = 906 + o. Is k composite?
True
Let n = 12 - 6. Suppose 0 = 3*k - n. Suppose -26 = -4*y + k*y. Is y a prime number?
True
Suppose 0 = -t + 3*a + 577, -1538 = -2*t - a - 419. Suppose 3*w = 3044 + t. Is 6/27 - w/(-18) composite?
False
Let x = 446 - -1313. Is x prime?
True
Suppose 2*u - 4*n = 710, 0 = -3*n + 6 + 9. Is u a composite number?
True
Let g(z) = -z**3 - 2*z**2 + z + 2. Let x be g(-2). Suppose -o - 5 + 1 = x. Let p(y) = -34*y - 5. Is p(o) prime?
True
Let o(u) = u**3 - 5*u**2 + 7*u - 5. Let f be o(5). Suppose 25 = q - f. Is q a prime number?
False
Let m(d) = d**3 + 8*d**2 + 5*d - 9. Let z be m(-7). Suppose -z = 5*h - 0. Let y = h + 15. Is y composite?
True
Suppose -n - 6 = -5*c + 5, -4*c + 3*n + 11 = 0. Suppose 3*z - q = 622, -c*z - q - 2*q + 433 = 0. Is z prime?
False
Suppose 3*q - 8 - 10 = -3*x, 0 = 2*q + 4*x - 22. Let a be (0 + 2 - q) + -2. Let g = 3 + a. Is g a prime number?
True
Let f = -3 + 7. Suppose 32 = f*c - 2*c. Let g = c - 5. Is g prime?
True
Let j(b) = 61*b - 1. Is j(2) a prime number?
False
Let h(z) = 5*z**3 - 2*z**2 + z. Let a be h(1). Let p = a - -17. Is p a prime number?
False
Let q be -3 + -3 + (-1 - -6). Let s be 0/q - (-56)/(-7). Is (s/10)/((-2)/25) composite?
True
Let y(r) = -r**3 - 2*r**2 + 2*r + 4. Let b be y(-3). Let o(a) = a**2 - 5*a - 3. Is o(b) composite?
False
Suppose 2*m - 4 = -0. Suppose 0 = 2*l - m*x, -2*x = -l - 5*x - 8. Let n = 35 - l. Is n a prime number?
True
Let y be (2/(-2))/((-1)/86). Suppose -y = -o + 25. Is o prime?
False
Let z = -3425 - -4864. Is z a prime number?
True
Let v(n) = n**2 + 2*n - 1. Let d(c) = c**2 + 2*c - 1. Let z(w) = 6*d(w) - 5*v(w). Let t be z(-5). Suppose -t = -g + 5. Is g prime?
True
Let s = 594 - 391. Is s a prime number?
False
Suppose -434 + 53 = -3*r. Suppose 2*g = -17 + r. Is g prime?
False
Let y = 14 + -9. Suppose -o - 3*n = -8, -y*o = 4*n - 8*n - 135. Is o a composite number?
False
Is (-1)/(4/(0 + -524)) prime?
True
Let j = 4 + -3. Let h(g) = -3 + 0 + 40*g**2 + 2. Is h(j) a composite number?
True
Let j be 1 - 2 - 1*-2. Suppose -g = -3 + j. Is g/(2/(-435)*-3) prime?
False
Let a(n) = 4*n + 2. Let k be a(-4). Let u = 111 + k. Is u a prime number?
True
Suppose -2*g - 64 = -2. Let w = 15 - g. Is w prime?
False
Let q(o) = -o**2 - 8*o - 7. Let c be q(-6). Suppose v = -f + 6*f - 67, 5*f - c*v - 55 = 0. Is f composite?
True
Is 2/6*46*4662/84 a composite number?
True
Suppose 4*u - 2*a - 36 = 0, 2*u = u - 3*a + 9. Suppose c - u = 17. Is c prime?
False
Let y(v) = v**3 + 10*v**2 + v - 5. Is y(-9) a prime number?
True
Suppose 4*g = -g + 20. Suppose 0 = -3*y - 2*r + 67, 9*y = g*y - r + 121. Is y composite?
True
Suppose 5*n + 38 = 678. Let m = 9 + -60. Let w = n + m. Is w composite?
True
Let f(p) = 2*p**2 + 6*p - 5. Is f(-6) composite?
False
Let n = 4 - 2. Suppose 0 = 2*t + 4*f - n, 4*t + 4*f - 11 = -3. Is (t/6)/((-1)/(-116)) a composite number?
True
Let b(k) = -23*k**3 + 3*k**2 + k + 2. Is b(-3) composite?
False
Suppose -5*i - 2492 = 4*r, -3*i + r - 792 = 710. Is 2/3 + i/(-15) prime?
False
Suppose 0 = -2*u - 68 + 322. Is u a composite number?
False
Let w = 65 - 41. Suppose -w = -g + 9. Let n = g - 12. Is n composite?
True
Let p be ((-5)/2)/((-4)/8). Suppose 173 + 417 = p*x. Is x a prime number?
False
Let a(p) = p**2 + 4*p - 7. Suppose -12 = -4*i, 3*o = -7*i + 2*i - 3. Let g be a(o). Let s(v) = v**3 - 6*v**2 + 7*v - 3. Is s(g) a composite number?
False
Suppose 1236 = 4*a + 8. Is a prime?
True
Let c(s) = -10*s - 1. Let w be ((-2 - -1) + 1)*-1. Let g be 1*(-3 + w) + 2. Is c(g) a composite number?
True
Let v = -112 + 163. Is v composite?
True
Suppose 749 = 7*a - 1008. Is a prime?
True
Let i = -29 - -381. Let g = i - 189. Is g a prime number?
True
Let a = 8 + -6. Let w(f) = 3*f**3 - 4*f**2 + 6*f - 2. Let o be w(4). Suppose z + 0*r - 79 = -r, 2*z = a*r + o. Is z a prime number?
False
Let y = -10 + 10. Suppose 0 = -4*w - y*w + 12. Suppose -5*x - 2*i + 384 + 207 = 0, -x = -w*i - 125. Is x composite?
True
Suppose -4*u + 452 + 816 = 0. Is u prime?
True
Suppose -5*y + 87 = -4*y. Is y composite?
True
Let y(k) = -k - 1. Let c(l) = -2*l - 1. Let v(g) = -2*c(g) + 2*y(g). Let b be v(1). Suppose b*q - q = 19. Is q a prime number?
True
Let j = 322 + -165. Is j composite?
False
Suppose -2*v = -1154 + 112. Is v a composite number?
False
Suppose 0 = 4*d - 21 - 503. Is d composite?
False
Suppose 0 = -u - 188 + 585. Is u a prime number?
True
Suppose c + b - 4 = -0*b, -2*c = 5*b - 5. Let l = -63 + 100. Suppose 0 = -c*y - 4*p + 729, 4*p - 112 = -y + l. Is y prime?
False
Let y = 16 - 11. Suppose p - 291 = -v, y*p - 5*v - 1182 = p. Is p composite?
False
Is (-7)/(21/(-594)) + 1 composite?
False
Suppose -3*d - 86 = -5*i - 310, 2*d + i = 171. Is d a composite number?
False
Is 6/(-16) + 86466/48 composite?
False
Suppose 2*d - 1 = 7. Suppose -d*b + 11 = -5.